0 a multiple of 7?
False
Is 7 a factor of 375494?
True
Is 9 a factor of 1291419?
True
Does 157 divide 389645?
False
Is 432489 a multiple of 130?
False
Is 27 a factor of 8589980?
False
Does 40 divide 1606291?
False
Does 3 divide 363202?
False
Is 10 a factor of 66730?
True
Does 303 divide 2493699?
False
Is 334779 a multiple of 14?
False
Is 69 a factor of 10279827?
True
Does 12 divide 693960?
True
Is 1655715 a multiple of 7?
False
Does 184 divide 327260?
False
Is 2958557 a multiple of 15?
False
Does 63 divide 385686?
True
Does 6 divide 413850?
True
Does 2 divide 789044?
True
Does 57 divide 291726?
True
Is 169 a factor of 711041?
False
Is 135909 a multiple of 9?
True
Does 11 divide 259116?
True
Does 11 divide 2346531?
True
Is 3392923 a multiple of 103?
True
Does 28 divide 3517?
False
Is 640779 a multiple of 75?
False
Is 20619 a multiple of 111?
False
Is 8420360 a multiple of 520?
True
Does 8 divide 23552?
True
Is 6 a factor of 1553886?
True
Is 5153 a multiple of 9?
False
Does 126 divide 7074270?
True
Is 2772372 a multiple of 6?
True
Is 83736 a multiple of 18?
True
Is 11 a factor of 7852881?
False
Does 5 divide 93915?
True
Does 47 divide 10387?
True
Is 57057 a multiple of 11?
True
Is 323595 a multiple of 141?
True
Is 31 a factor of 4059171?
True
Is 5 a factor of 58448?
False
Is 971031 a multiple of 26?
False
Is 1752552 a multiple of 43?
False
Is 403200 a multiple of 768?
True
Is 175996 a multiple of 92?
True
Is 31120 a multiple of 20?
True
Is 12 a factor of 816648?
True
Is 289 a factor of 43350?
True
Does 171 divide 140904?
True
Is 59 a factor of 196529?
True
Is 381 a factor of 514731?
True
Is 483 a factor of 7645105?
False
Is 3122448 a multiple of 437?
False
Does 276 divide 2045039?
False
Is 622 a factor of 615339?
False
Is 29 a factor of 110367?
False
Is 24 a factor of 5841840?
True
Is 354347 a multiple of 227?
True
Is 45 a factor of 2784780?
True
Is 1372160 a multiple of 670?
True
Is 71 a factor of 15595088?
False
Does 31 divide 372128?
False
Is 15 a factor of 168735?
True
Does 28 divide 54012?
True
Does 82 divide 35588?
True
Does 10 divide 1318940?
True
Is 5466067 a multiple of 121?
False
Is 10498 a multiple of 3?
False
Is 5 a factor of 3379?
False
Does 4 divide 16750?
False
Is 37069179 a multiple of 21?
True
Is 141580 a multiple of 64?
False
Does 26 divide 676709?
False
Is 84 a factor of 567336?
True
Is 6 a factor of 14124?
True
Is 1004518 a multiple of 3?
False
Does 3 divide 2379?
True
Is 638935 a multiple of 55?
True
Is 217 a factor of 210059?
False
Does 125 divide 49940?
False
Does 224 divide 86240?
True
Is 12 a factor of 345619?
False
Does 13 divide 13650?
True
Is 35 a factor of 2035530?
True
Is 2101694 a multiple of 749?
True
Is 2180743 a multiple of 37?
True
Is 1388 a factor of 943824?
False
Is 205812 a multiple of 4?
True
Is 2 a factor of 191767?
False
Does 3 divide 3990?
True
Is 58 a factor of 84506?
True
Does 173 divide 6647830?
False
Does 250 divide 12785500?
True
Is 6752757 a multiple of 17?
True
Is 3864977 a multiple of 448?
False
Does 23 divide 896402?
True
Is 11587535 a multiple of 6?
False
Does 76 divide 2633552?
True
Is 203463 a multiple of 13?
True
Does 492 divide 941688?
True
Is 1018093 a multiple of 1783?
True
Does 19 divide 24534961?
False
Is 898358 a multiple of 85?
False
Is 134136 a multiple of 276?
True
Does 52 divide 2872070?
False
Is 3995382 a multiple of 8?
False
Is 3701000 a multiple of 50?
True
Is 296 a factor of 2544120?
True
Does 1181 divide 28443327?
False
Is 176 a factor of 649226?
False
Does 8 divide 559877?
False
Is 46260 a multiple of 30?
True
Is 326970 a multiple of 21?
True
Is 6733510 a multiple of 899?
True
Is 13 a factor of 349167?
True
Is 11 a factor of 184010?
False
Is 209 a factor of 4502905?
True
Does 18 divide 3623362?
False
Does 102 divide 1217472?
True
Is 7 a factor of 272916?
True
Is 151622 a multiple of 334?
False
Does 265 divide 11660?
True
Is 11534219 a multiple of 195?
False
Is 3704725 a multiple of 25?
True
Is 784807 a multiple of 49?
False
Does 111 divide 146785?
False
Is 10 a factor of 1366849?
False
Is 1011996 a multiple of 405?
False
Is 1033 a factor of 727232?
True
Is 1788259 a multiple of 10?
False
Does 115 divide 2703842?
False
Is 37 a factor of 86762?
False
Is 1101 a factor of 1973305?
False
Is 74791 a multiple of 29?
True
Is 93353 a multiple of 3?
False
Does 151 divide 699348?
False
Is 11 a factor of 8542300?
False
Is 292 a factor of 442088?
True
Is 85 a factor of 11925500?
True
Is 1788664 a multiple of 92?
True
Does 811 divide 1956943?
True
Does 298 divide 1499510?
False
Is 38 a factor of 7496644?
False
Is 2 a factor of 96453?
False
Is 42 a factor of 306355?
False
Does 10 divide 4959217?
False
Is 192045 a multiple of 155?
True
Is 172946 a multiple of 7?
False
Does 17 divide 1048022?
False
Is 4452427 a multiple of 54?
False
Is 182 a factor of 12035209?
False
Is 1138 a factor of 2974732?
True
Is 11 a factor of 568096?
False
Is 5 a factor of 5675698?
False
Is 19 a factor of 5828609?
False
Is 796690 a multiple of 172?
False
Is 6281496 a multiple of 13?
True
Does 35 divide 191555?
True
Does 13 divide 841412?
True
Is 27600 a multiple of 20?
True
Is 4397958 a multiple of 146?
True
Is 4179864 a multiple of 104?
True
Does 469 divide 3843924?
True
Does 558 divide 901416?
False
Is 1294656 a multiple of 4?
True
Does 39 divide 87048?
True
Is 515994 a multiple of 36?
False
Is 1582 a factor of 15669710?
True
Does 111 divide 244190?
False
Is 215733 a multiple of 11?
False
Is 11977284 a multiple of 124?
True
Is 459 a factor of 69309?
True
Does 20 divide 537180?
True
Is 691548 a multiple of 39?
True
Is 25 a factor of 174525?
True
Is 1743140 a multiple of 37?
False
Does 38 divide 14353430?
False
Does 240 divide 2317548?
False
Is 11 a factor of 1101353?
True
Does 9 divide 598977?
True
Does 95 divide 184205?
True
Is 2452988 a multiple of 162?
False
Does 1571 divide 3695525?
False
Does 459 divide 2498464?
False
Does 343 divide 12495346?
False
Does 6 divide 831265?
False
Is 3310200 a multiple of 1350?
True
Is 3 a factor of 1104217?
False
Is 10 a factor of 104420?
True
Does 12 divide 1186884?
True
Is 3614744 a multiple of 713?
False
Does 119 divide 78183?
True
Is 133 a factor of 49476?
True
Is 249 a factor of 138605?
False
Is 66 a factor of 4672221?
False
Is 5012 a multiple of 9?
False
Is 10 a factor of 87400?
True
Is 1514191 a multiple of 136?
False
Is 1774848 a multiple of 683?
False
Is 4253919 a multiple of 16?
False
Is 214 a factor of 7704?
True
Is 14 a factor of 4958814?
True
Is 493779 even?
False
Is 4212345 a multiple of 27?
False
Is 77728 a multiple of 190?
False
Is 48 a factor of 4690141?
False
Is 38 a factor of 206835?
False
Is 23 a factor of 190302?
True
Is 1493822 a multiple of 10?
False
Does 33 divide 113559?
False
Is 231702 a multiple of 73?
True
Is 1086240 a multiple of 62?
True
Does 8 divide 1127783?
False
Is 994704 a multiple of 204?
True
Is 116945 a multiple of 5?
True
Is 319 a factor of 855934?
False
Is 74862 a multiple of 81?
False
Is 725638 a multiple of 58?
True
Does 11 divide 127292?
True
Does 453 divide 935898?
True
Is 9 a factor of 11000875?
False
Is 195 a factor of 276900?
True
Is 211529 a multiple of 463?
False
Does 388 divide 731856?
False
Does 160 divide 6913748?
False
Is 9407444 a multiple of 21?
False
Does 176 divide 586256?
True
Does 732 divide 921171?
False
Is 2794775 a multiple of 49?
False
Is 200 a factor of 659073?
False
Is 22037008 a multiple of 41?
True
Is 8838 a multiple of 17?
False
Is 1554319 a multiple of 13?
True
Is 38050 a multiple of 38?
False
Does 290 divide 502675?
False
Is 768764 a multiple of 33?
False
Is 14 a factor of 10517?
False
Does 27 divide 850257?
True
Does 285 divide 106282?
False
Is 12501861 a multiple of 954?
False
Does 28 divide 347779?
False
Is 29 a factor of 9105225?
False
Is 26 a factor of 57694?
True
Is 237 a factor of 330287?
False
Is 563673 a multiple of 19?
True
Is 9 a factor of 1100310?
False
Is 177429 even?
False
Is 39510 a multiple of 90?
True
Does 12 divide 1110515?
False
Is 62 a factor of 61442?
True
Does 8 divide 1971?
False
Is 2174256 a multiple of 18?
True
Does 5 divide 402830?
True
Is 2088821 a multiple of 329?
True
Does 24 divide 5556240?
True
Does 1268 divide 3365272?
True
Is 158452 a multiple of 65?
False
Is 175632 a multip